 = 4*p + 2*q + 2, 0 = -p + 2*q + 5. Suppose 2*u - 33 = -p. Suppose 2*i - 24 = u. Does 5 divide i?
True
Suppose -15 = 5*g - 10*g. Suppose 0 = 2*x - 2*q - 2, g*x + 2*q - 22 = -x. Is 4 a factor of x?
True
Suppose 0 = -4*v, 0 = -q - 0*q - 2*v + 285. Does 10 divide q?
False
Let z = -74 + 98. Is z a multiple of 12?
True
Suppose -533 + 1505 = 4*k. Suppose o - 3*x - 57 = 0, -5*o = 5*x - 62 - k. Suppose -t - o = -3*t. Does 13 divide t?
False
Let j(f) = -15*f - 5. Is j(-2) a multiple of 25?
True
Let o(x) = 6*x - 13. Let g(h) = 5*h - 12. Let t(k) = 4*g(k) - 3*o(k). Does 3 divide t(9)?
True
Let y be (-2)/(-4)*(-12)/3. Let n(s) = -s**2 + s. Let f be n(4). Let h = y - f. Is h a multiple of 9?
False
Suppose h = -0*h + 102. Is h a multiple of 51?
True
Suppose t + 0*o + 27 = -4*o, -5*t + 2*o = 47. Let u = -6 - t. Suppose 6 - 50 = -h + u*d, h - 8 = -4*d. Is 10 a factor of h?
False
Suppose 0 = 3*o + 2*o - 50. Suppose p + o = -p, w = -4*p + 4. Suppose 4*d - 12 = w. Is d a multiple of 7?
False
Let u(x) = -4*x + 7. Does 13 divide u(-5)?
False
Is 11 a factor of (2/6)/(16/6864)?
True
Suppose 0 = 4*g - 21 - 43. Is g a multiple of 3?
False
Let g be 45/18*2*1. Suppose 36 = s - 3*m, 4*s + g*m + 6 - 150 = 0. Does 18 divide s?
True
Suppose m + m + 3*t = 20, -t = -2. Suppose -f + 3*z = -1, -2*f - m = 2*f - z. Does 12 divide f - -1*(25 - -1)?
True
Suppose 5*y = -2*m + 10, 2*y - 3*m = 3*y + 11. Suppose 5*z - 136 = y. Does 14 divide z?
True
Let u(v) = v**3 - 7*v**2 - v + 9. Suppose -2 = -y + 5. Let w be u(y). Suppose 0*j - 20 = 4*j, -w*m + 121 = -3*j. Is 18 a factor of m?
False
Let l = -94 + 160. Is l a multiple of 11?
True
Is 10/25 + (-846)/(-10) a multiple of 19?
False
Let a be 4 + -1 + (123 - -4). Suppose 2*x + 2*b - a = 0, -3*x + 2*b + b = -165. Does 12 divide x?
True
Let p = -37 + 76. Is 23 a factor of p?
False
Suppose 168 = j + 3*j. Does 10 divide j?
False
Suppose 5*y - 2*s = 66, -y - 3*y = -s - 54. Is 5 a factor of y?
False
Let z = 154 - -158. Suppose 0 = 13*r - 9*r - z. Is 35 a factor of r?
False
Let p(n) = 3*n**2 - 9*n - 1. Does 2 divide p(4)?
False
Let t(f) = 5*f**3 + f**2 - 2*f. Is t(2) a multiple of 22?
False
Let s(l) = l**2 + 2*l + 2. Suppose 4*n - 3*m = -20, -3*n - 3*m - m = -10. Let t be s(n). Suppose -3*d + 3*w = -3, 0*d + 2 = -t*d + 3*w. Does 5 divide d?
True
Suppose 0 + 4 = 4*p, -8 = q + 4*p. Let k = -8 - q. Let g = 7 - k. Is 3 a factor of g?
True
Let t be ((-2)/6)/(2/(-30)). Let g(v) = 14*v**2. Let z be g(-1). Suppose -6*c + 4*d = -5*c + z, -3*c + t*d = 7. Is c a multiple of 6?
True
Let m = 247 + -367. Is -2 - (m/4 - 2) a multiple of 12?
False
Suppose -z - 1 - 2 = 0. Let b be 6*1*(-7)/z. Suppose -b = -a + 1. Is a a multiple of 8?
False
Let w = -8 - -11. Let q = -1 + w. Is 2 a factor of q?
True
Suppose -2*t - 31 = -t. Let v = t - -57. Suppose -w = -3*w + v. Does 12 divide w?
False
Let s(g) = -4*g**2. Let r be s(-1). Is (-2 + (-50)/r)*2 a multiple of 7?
True
Is 11 a factor of (2/3)/(1/54)?
False
Let c(i) = 0*i - i**3 - 2*i + 2*i**2 + 1 - 6*i**2. Is c(-4) a multiple of 9?
True
Is (-64)/(-1) + (-4)/(-2) a multiple of 12?
False
Let s(h) = 2*h**2 - h - 2. Let p be s(2). Let f = p - -10. Is 6 a factor of f?
False
Let l be (-6)/3 + (76 - -1). Suppose -5*c + l = -2*r, 2*c - 3*r = 12 + 18. Does 15 divide c?
True
Let z(c) = 7*c**2 + 3*c + 6. Is z(-3) a multiple of 12?
True
Suppose y - 2*y = -26. Is y a multiple of 20?
False
Let z = -4 + 6. Suppose -z*u + 134 = -0*u. Suppose -4*k + u = -d, 0*k = k - 5*d - 31. Is 6 a factor of k?
False
Let m(z) = -z - 3. Let w be m(-5). Suppose 0 = 2*d + w - 80. Does 19 divide d?
False
Suppose 0 = x - 5*x. Suppose w + m = -m + 30, -2*w + 3*m + 88 = x. Does 19 divide w?
True
Let t = 9 + -5. Suppose t*q - 108 = 2*q. Does 14 divide q?
False
Let y(d) = -3 - 7*d + 0 + 0 + d**2 - 2*d**2. Let q(n) = -2*n - 2. Let j be q(2). Is 3 a factor of y(j)?
True
Let w be -1 + 0/2 + 3. Suppose -w*g + 76 = -0*g. Does 15 divide g?
False
Suppose -8 = 2*b - 4*b. Suppose -2*w + b*t = -w - 82, 4*t = 4*w - 268. Let h = -43 + w. Does 16 divide h?
False
Let x(l) be the third derivative of l**4/12 - l**3/3 + l**2. Is 6 a factor of x(4)?
True
Let x(d) = d**3 - 4*d**2 + d + 2. Let y = -3 + 7. Let o be x(y). Suppose -110 = -o*i + i. Is i a multiple of 8?
False
Let y = -99 + 250. Is y a multiple of 31?
False
Suppose 0 = -4*d - 2*p + 70, 0 = -5*d + 4*d + 4*p + 4. Is d a multiple of 16?
True
Suppose -5*m + 50 = -30. Is 3 a factor of 54/8 - (-4)/m?
False
Let u = 90 + 10. Suppose -u - 50 = -5*j. Suppose 4*r - 4*y - j = r, 0 = -y - 3. Is 4 a factor of r?
False
Suppose -4*f + 8*f - 3*q = 1, 0 = f - 3*q + 11. Let t = f + -5. Is ((-16)/6)/(t/3) a multiple of 7?
False
Let f(i) = i**3 - 5*i**2 - 8*i + 2. Is f(7) a multiple of 12?
False
Let m be (-5)/(((-6)/(-9))/(-2)). Let l be (-3)/m + 281/5. Suppose z = -2*p - 0*p + l, p - 28 = z. Is 14 a factor of p?
True
Let g = -165 - -114. Let v = g - -75. Is v a multiple of 5?
False
Is 36 a factor of (-96 + 4)/(-2) - -4?
False
Let x(l) = -l**3 - l**2 + l. Let d(m) = -5*m**3 + 2. Let f(r) = -d(r) + 2*x(r). Does 11 divide f(2)?
False
Let g be (-66)/(-4) + 2/(-4). Suppose -5*p = 4*f + 26 - 101, p - g = -f. Does 5 divide p?
False
Suppose 0 = 6*t - 8*t + 108. Does 18 divide t?
True
Let n(q) = q**3 - 7*q**2 + 5*q - 2. Let l(d) = d**3 - d**2 - d. Let x(o) = 2*l(o) - n(o). Is x(-6) a multiple of 3?
False
Let k be (-5)/(1/3*3). Is 3 a factor of (k/2)/((-6)/12)?
False
Let o(k) = 4*k**3 + 2*k**2 - 3*k + 3. Let c be o(2). Let u = -82 - -65. Let g = c + u. Does 20 divide g?
True
Let g(i) = -3*i**2 + 3*i + 4 + 3*i - 3*i. Let n be g(3). Let a = n + 24. Does 5 divide a?
True
Let j(z) be the third derivative of -71*z**4/24 - z**3/3 + z**2. Let l be j(-2). Suppose -l = -4*f - 0*f. Is 22 a factor of f?
False
Let f(l) = -6*l + 1. Let t be f(-2). Suppose 76 - t = 3*a. Suppose -r + a = 2*r. Is r a multiple of 7?
True
Let f(p) = 21*p - 17. Is f(6) a multiple of 32?
False
Let i = -30 + 73. Let h = 2 - 11. Let d = h + i. Is d a multiple of 17?
True
Let d(b) = b**2 - 5*b + 6. Let v be 0 + (-1 - 0) - -6. Does 2 divide d(v)?
True
Suppose 5*w + 0*x = -2*x + 48, -60 = -5*w - 5*x. Suppose -5*r = w - 33. Is r a multiple of 5?
True
Let k = 9 + -7. Suppose -106 = -k*d - 10. Suppose 0 = 5*j + 3*m - 101, 2*j - m + 6*m = d. Is 19 a factor of j?
True
Suppose -3*f + 3*z - 7 = -1, -2*f + 16 = 2*z. Suppose 2*i - 5*w - 21 = 0, f*w - 4 - 5 = 0. Suppose 18 = m + 4*h - 0*h, 0 = m + 5*h - i. Does 7 divide m?
False
Suppose -2*p = -0*p + 4. Is (-1)/p + 43/2 a multiple of 12?
False
Suppose 0 = 4*y + y - 10. Suppose -2*f = y*f - 120. Is f a multiple of 15?
True
Suppose -2*w = 4*d + 2*w - 68, 2*d + 4*w - 38 = 0. Let t = -9 + 5. Is t/8 + d/2 a multiple of 7?
True
Let q(a) be the first derivative of 2*a**2 - 7*a + 3. Does 15 divide q(9)?
False
Suppose -5*s + 89 = -11. Suppose w - 64 = -2*c, -s = -2*w - 3*w. Does 15 divide c?
True
Let r(u) = -1. Let p(j) = -j**3 - 2*j**2 + 2*j - 4. Let b be p(-3). Let q(s) = s - 30. Let y(w) = b*q(w) + 4*r(w). Does 13 divide y(0)?
True
Let d = 66 - 26. Is 13 a factor of d?
False
Suppose 5 = 5*d - 0*d. Let s be (2 - 2 - -69) + d. Suppose 5*h - s = -3*v - 3, 0 = -2*v + 4*h + 52. Is 15 a factor of v?
False
Let j(q) = 2*q**3 - 3*q**2 + 2*q + 1. Does 9 divide j(2)?
True
Let j be 1/(-5) + (-42)/(-10). Suppose j*x + 0*v = v + 21, 5*v = 5*x - 30. Suppose 4*p = 2*i + 4, 0 = x*i - 4*p + 2 - 10. Is i even?
True
Let d(c) = -c - 2. Let g(x) = -3*x - 5. Let o(h) = 21*d(h) - 6*g(h). Is 6 a factor of o(-11)?
False
Suppose -2*u + 6*u - 16 = 0. Is 19 a factor of (u/(-6))/((-2)/159)?
False
Let o = 1125 - 792. Let l be o/(-12) - 2/8. Is 15 a factor of 2/(-7) - 960/l?
False
Suppose -1393 = -b - 6*b. Is 8 a factor of b?
False
Let i be 4/(-10) + (-828)/(-20). Suppose 9 = 5*d - i. Let g = d - 1. Is g a multiple of 5?
False
Let r be ((-20)/8)/((-2)/8). Does 5 divide 6/r - (-174)/10?
False
Let r(v) = -4*v + 2. Suppose 2*h + 2*o = 3*o - 15, 6 = 2*o. Is 10 a factor of r(h)?
False
Let k be 4/((-95)/(-35) - 3). Suppose 3*h = 5*z - 239 + 80, 0 = 5*z - 4*h - 157. Let n = k + z. Is n a multiple of 16?
False
Let s = 1 + -1. Suppose -4*j + 4*y + 45 = -11, -4*y - 16 = s. Is 6 a factor of j?
False
Let k(n) = -6*n + 10. Let y(q) be the second derivative of -q**2/2 + q. Let o(j) = -k(j) - 4*y